{"id":410,"date":"2024-10-04T00:57:18","date_gmt":"2024-10-03T22:57:18","guid":{"rendered":"https:\/\/opticologis.fr\/?page_id=410"},"modified":"2024-10-08T23:41:34","modified_gmt":"2024-10-08T21:41:34","slug":"contactez-nous","status":"publish","type":"page","link":"https:\/\/opticologis.fr\/index.php\/contactez-nous\/","title":{"rendered":"Contactez-nous"},"content":{"rendered":"\n<div id=\"contact\" class=\"wp-block-group is-style-block-section has-custom-whitesmoke-background-color has-background has-global-padding is-layout-constrained wp-container-core-group-is-layout-58216893 wp-block-group-is-layout-constrained\" style=\"padding-top:100px;padding-right:15px;padding-bottom:100px;padding-left:15px\">\n<div class=\"wp-block-columns is-style-default is-layout-flex wp-container-core-columns-is-layout-72401fed wp-block-columns-is-layout-flex\">\n<div class=\"wp-block-column is-layout-flow wp-block-column-is-layout-flow\">\n<div class=\"wp-block-cover is-light is-style-cover-mobile-3\" style=\"border-radius:30px;min-height:100vh;aspect-ratio:unset;\"><span aria-hidden=\"true\" class=\"wp-block-cover__background has-custom-transparent-background-color has-background-dim\"><\/span><img fetchpriority=\"high\" decoding=\"async\" width=\"1813\" height=\"2560\" class=\"wp-block-cover__image-background wp-image-671\" alt=\"opticologis Optic'O Logis opticiens \u00e0 domicile mobile haut-rhin territoire de belfort sundgau mulhouse vall\u00e9e de la thur doller route des vins guewiller altkirch dannemarie ferrette courtavon thann werentzhouse rouffach saint-louis soultz cernay seppois-le-bas sav controle de vue rdv \u00e0 domicile reparations basse vision lentilles de contact \" src=\"http:\/\/opticologis.fr\/wp-content\/uploads\/2024\/10\/aa-porte-3-scaled.jpg\" data-object-fit=\"cover\" srcset=\"https:\/\/opticologis.fr\/wp-content\/uploads\/2024\/10\/aa-porte-3-scaled.jpg 1813w, https:\/\/opticologis.fr\/wp-content\/uploads\/2024\/10\/aa-porte-3-212x300.jpg 212w, https:\/\/opticologis.fr\/wp-content\/uploads\/2024\/10\/aa-porte-3-725x1024.jpg 725w, https:\/\/opticologis.fr\/wp-content\/uploads\/2024\/10\/aa-porte-3-768x1085.jpg 768w, https:\/\/opticologis.fr\/wp-content\/uploads\/2024\/10\/aa-porte-3-1088x1536.jpg 1088w, https:\/\/opticologis.fr\/wp-content\/uploads\/2024\/10\/aa-porte-3-1450x2048.jpg 1450w\" sizes=\"(max-width: 1813px) 100vw, 1813px\" \/><div class=\"wp-block-cover__inner-container has-global-padding is-layout-constrained wp-block-cover-is-layout-constrained\">\n<div style=\"height:50px\" aria-hidden=\"true\" class=\"wp-block-spacer\"><\/div>\n<\/div><\/div>\n<\/div>\n\n\n\n<div class=\"wp-block-column is-vertically-aligned-center wirawp-spacing-ptb-3 is-layout-flow wp-container-core-column-is-layout-3ca914a4 wp-block-column-is-layout-flow\">\n<div class=\"wp-block-group has-global-padding is-layout-constrained wp-container-core-group-is-layout-bdcbbb17 wp-block-group-is-layout-constrained\">\n<div class=\"wp-block-group wp-elements-e8a55152703029548043b9c7a72a05ef is-nowrap is-layout-flex wp-container-core-group-is-layout-e088cbc5 wp-block-group-is-layout-flex\">\n<hr class=\"wp-block-separator has-text-color has-custom-primary-color has-alpha-channel-opacity has-custom-primary-background-color has-background is-style-default wp-container-content-e1bb55cb\"\/>\n\n\n\n<h2 class=\"wp-block-heading is-style-subheading has-custom-primary-color has-text-color has-link-color wp-elements-aa91f9832d5ef34506c07a431ce3df88\">Contactez-nous<\/h2>\n<\/div>\n\n\n\n<h3 class=\"wp-block-heading has-heading-l-font-size\">Profitez de notre service d&#8217;opticiens \u00e0 domicile<\/h3>\n\n\n\n<p>Vous avez besoin de renouveler vos lunettes, faire le point sur votre vue, une r\u00e9paration \u00e0 faire, ou tout simplement une demande d&#8217;informations&#8230; nous nous tenons \u00e0 votre disposition, contactez-nous !<\/p>\n<\/div>\n\n\n\n<div class=\"wp-block-group has-global-padding is-layout-constrained wp-container-core-group-is-layout-dadd0ff5 wp-block-group-is-layout-constrained\">\n<div class=\"wp-block-columns are-vertically-aligned-center is-style-default is-layout-flex wp-container-core-columns-is-layout-102ac3f6 wp-block-columns-is-layout-flex\" style=\"padding-top:0px;padding-right:0;padding-bottom:0px;padding-left:0\">\n<div class=\"wp-block-column is-vertically-aligned-center is-layout-flow wp-block-column-is-layout-flow\">\n<div class=\"wp-block-group has-custom-white-background-color has-background has-global-padding is-layout-constrained wp-container-core-group-is-layout-bc3c0cb1 wp-block-group-is-layout-constrained\" style=\"border-radius:30px;padding-top:35px;padding-right:35px;padding-bottom:35px;padding-left:35px\">\n<h5 class=\"wp-block-heading has-text-align-left has-heading-small-font-size\">Devis gratuit<\/h5>\n\n\n\n<p class=\"has-text-align-left\">Tarifs attractifs jusqu&#8217;\u00e0 30%  &#8211; cher qu&#8217;en magasin<\/p>\n<\/div>\n\n\n\n<div class=\"wp-block-group has-custom-white-background-color has-background has-global-padding is-layout-constrained wp-container-core-group-is-layout-bc3c0cb1 wp-block-group-is-layout-constrained\" style=\"border-radius:30px;padding-top:35px;padding-right:35px;padding-bottom:35px;padding-left:35px\">\n<h5 class=\"wp-block-heading has-text-align-left has-heading-small-font-size\">Bilan visuel gratuit<\/h5>\n\n\n\n<p class=\"has-text-align-left\">Contr\u00f4le visuel, d\u00e9pistage, \u00e0 partir de 16 ans<\/p>\n<\/div>\n\n\n\n<div class=\"wp-block-group has-custom-white-background-color has-background has-global-padding is-layout-constrained wp-container-core-group-is-layout-bc3c0cb1 wp-block-group-is-layout-constrained\" style=\"border-radius:30px;padding-top:35px;padding-right:35px;padding-bottom:35px;padding-left:35px\">\n<h5 class=\"wp-block-heading has-text-align-left has-heading-small-font-size\">D\u00e9placement gratuit<\/h5>\n\n\n\n<p class=\"has-text-align-left\">D\u00e9partements du 68, 90 et la fronti\u00e8re du Jura Suisse<\/p>\n<\/div>\n<\/div>\n\n\n\n<div class=\"wp-block-column is-vertically-aligned-center is-layout-flow wp-block-column-is-layout-flow\">\n<div class=\"wp-block-group wirawp-flex-center-resp has-global-padding is-layout-constrained wp-container-core-group-is-layout-da70f3a0 wp-block-group-is-layout-constrained\">\n<div class=\"wp-block-group is-nowrap is-layout-flex wp-container-core-group-is-layout-e088cbc5 wp-block-group-is-layout-flex\">\n<p class=\"has-custom-primary-color has-text-color has-link-color has-fa-font-family wp-elements-cad9ddb416b8a6ad9450687be53760a1 wp-container-content-16d1eb73\" style=\"font-size:20px;font-style:normal;font-weight:900\">\uf0e0<\/p>\n\n\n\n<p><a href=\"mailto:opticologis@gmail.com\" target=\"_blank\" rel=\"noreferrer noopener\">opticologis@gmail.com<\/a><\/p>\n<\/div>\n\n\n\n<div class=\"wp-block-group is-nowrap is-layout-flex wp-container-core-group-is-layout-e088cbc5 wp-block-group-is-layout-flex\">\n<p class=\"has-custom-primary-color has-text-color has-link-color has-fa-font-family wp-elements-ba2c6073d337ac2bc75b092880f1f757 wp-container-content-16d1eb73\" style=\"font-size:20px;font-style:normal;font-weight:900\">\uf098<\/p>\n\n\n\n<p><a href=\"tel:0744944454\" target=\"_blank\" rel=\"noreferrer noopener\">0744944454<\/a><\/p>\n<\/div>\n\n\n\n<div class=\"wp-block-group is-nowrap is-layout-flex wp-container-core-group-is-layout-e088cbc5 wp-block-group-is-layout-flex\">\n<p class=\"has-custom-primary-color has-text-color has-link-color has-fa-font-family wp-elements-b85cc30cf7ecb3ba56bcf89aeaee34eb wp-container-content-16d1eb73\" style=\"font-size:20px;font-style:normal;font-weight:900\">\uf017<\/p>\n\n\n\n<p>Lundi au samedi<br>8h &#8211; 20h<\/p>\n<\/div>\n<\/div>\n<\/div>\n<\/div>\n<\/div>\n<\/div>\n<\/div>\n<\/div>\n<div class=\"social-share-buttons\"><a class=\"wirawp-stack-small\" href=\"https:\/\/www.facebook.com\/sharer\/sharer.php?u=https:\/\/opticologis.fr\/index.php\/contactez-nous\/\" target=\"_blank\" rel=\"noopener\">\uf39e<\/a><a class=\"wirawp-stack-small\" href=\"https:\/\/twitter.com\/intent\/tweet?url=https:\/\/opticologis.fr\/index.php\/contactez-nous\/&text=Contactez-nous\" target=\"_blank\" rel=\"noopener\">\uf099<\/a><a class=\"wirawp-stack-small\" href=\"https:\/\/www.linkedin.com\/shareArticle?url=https:\/\/opticologis.fr\/index.php\/contactez-nous\/&title=Contactez-nous\" target=\"_blank\" rel=\"noopener\">\uf0e1<\/a><a class=\"wirawp-stack-small\" href=\"https:\/\/pinterest.com\/pin\/create\/button\/?url=https:\/\/opticologis.fr\/index.php\/contactez-nous\/&description=Contactez-nous\" target=\"_blank\" rel=\"noopener\">\uf231<\/a><\/div>","protected":false},"excerpt":{"rendered":"<p>Contactez-nous Profitez de notre service d&#8217;opticiens \u00e0 domicile Vous avez besoin de renouveler vos lunettes, faire le point sur votre vue, une r\u00e9paration \u00e0 faire, ou tout simplement une demande d&#8217;informations&#8230; nous nous tenons \u00e0 votre disposition, contactez-nous ! Devis gratuit Tarifs attractifs jusqu&#8217;\u00e0 30% &#8211; cher qu&#8217;en magasin Bilan visuel gratuit Contr\u00f4le visuel, d\u00e9pistage, [&hellip;]<\/p>\n","protected":false},"author":2,"featured_media":0,"parent":0,"menu_order":0,"comment_status":"closed","ping_status":"closed","template":"","meta":{"footnotes":""},"class_list":["post-410","page","type-page","status-publish","hentry"],"yoast_head":"<!-- This site is optimized with the Yoast SEO plugin v26.7 - https:\/\/yoast.com\/wordpress\/plugins\/seo\/ -->\n<title>Contactez-nous - OPTIC&#039; O LOGIS<\/title>\n<meta name=\"robots\" content=\"index, follow, max-snippet:-1, max-image-preview:large, max-video-preview:-1\" \/>\n<link rel=\"canonical\" href=\"https:\/\/opticologis.fr\/index.php\/contactez-nous\/\" \/>\n<meta property=\"og:locale\" content=\"en_US\" \/>\n<meta property=\"og:type\" content=\"article\" \/>\n<meta property=\"og:title\" content=\"Contactez-nous - OPTIC&#039; O LOGIS\" \/>\n<meta property=\"og:description\" content=\"Contactez-nous Profitez de notre service d&#8217;opticiens \u00e0 domicile Vous avez besoin de renouveler vos lunettes, faire le point sur votre vue, une r\u00e9paration \u00e0 faire, ou tout simplement une demande d&#8217;informations&#8230; nous nous tenons \u00e0 votre disposition, contactez-nous ! Devis gratuit Tarifs attractifs jusqu&#8217;\u00e0 30% &#8211; cher qu&#8217;en magasin Bilan visuel gratuit Contr\u00f4le visuel, d\u00e9pistage, [&hellip;]\" \/>\n<meta property=\"og:url\" content=\"https:\/\/opticologis.fr\/index.php\/contactez-nous\/\" \/>\n<meta property=\"og:site_name\" content=\"OPTIC&#039; O LOGIS\" \/>\n<meta property=\"article:modified_time\" content=\"2024-10-08T21:41:34+00:00\" \/>\n<meta property=\"og:image\" content=\"https:\/\/opticologis.fr\/wp-content\/uploads\/2024\/10\/aa-porte-3-scaled.jpg\" \/>\n\t<meta property=\"og:image:width\" content=\"1813\" \/>\n\t<meta property=\"og:image:height\" content=\"2560\" \/>\n\t<meta property=\"og:image:type\" content=\"image\/jpeg\" \/>\n<meta name=\"twitter:card\" content=\"summary_large_image\" \/>\n<script type=\"application\/ld+json\" class=\"yoast-schema-graph\">{\"@context\":\"https:\/\/schema.org\",\"@graph\":[{\"@type\":\"WebPage\",\"@id\":\"https:\/\/opticologis.fr\/index.php\/contactez-nous\/\",\"url\":\"https:\/\/opticologis.fr\/index.php\/contactez-nous\/\",\"name\":\"Contactez-nous - OPTIC&#039; O LOGIS\",\"isPartOf\":{\"@id\":\"https:\/\/opticologis.fr\/#website\"},\"primaryImageOfPage\":{\"@id\":\"https:\/\/opticologis.fr\/index.php\/contactez-nous\/#primaryimage\"},\"image\":{\"@id\":\"https:\/\/opticologis.fr\/index.php\/contactez-nous\/#primaryimage\"},\"thumbnailUrl\":\"http:\/\/opticologis.fr\/wp-content\/uploads\/2024\/10\/aa-porte-3-scaled.jpg\",\"datePublished\":\"2024-10-03T22:57:18+00:00\",\"dateModified\":\"2024-10-08T21:41:34+00:00\",\"breadcrumb\":{\"@id\":\"https:\/\/opticologis.fr\/index.php\/contactez-nous\/#breadcrumb\"},\"inLanguage\":\"en-US\",\"potentialAction\":[{\"@type\":\"ReadAction\",\"target\":[\"https:\/\/opticologis.fr\/index.php\/contactez-nous\/\"]}]},{\"@type\":\"ImageObject\",\"inLanguage\":\"en-US\",\"@id\":\"https:\/\/opticologis.fr\/index.php\/contactez-nous\/#primaryimage\",\"url\":\"https:\/\/opticologis.fr\/wp-content\/uploads\/2024\/10\/aa-porte-3-scaled.jpg\",\"contentUrl\":\"https:\/\/opticologis.fr\/wp-content\/uploads\/2024\/10\/aa-porte-3-scaled.jpg\",\"width\":1813,\"height\":2560,\"caption\":\"opticologis Optic'O Logis opticiens \u00e0 domicile mobile haut-rhin territoire de belfort sundgau mulhouse vall\u00e9e de la thur doller route des vins guewiller altkirch dannemarie ferrette courtavon thann werentzhouse rouffach saint-louis soultz cernay seppois-le-bas sav controle de vue rdv \u00e0 domicile reparations basse vision lentilles de contact\"},{\"@type\":\"BreadcrumbList\",\"@id\":\"https:\/\/opticologis.fr\/index.php\/contactez-nous\/#breadcrumb\",\"itemListElement\":[{\"@type\":\"ListItem\",\"position\":1,\"name\":\"Accueil\",\"item\":\"https:\/\/opticologis.fr\/\"},{\"@type\":\"ListItem\",\"position\":2,\"name\":\"Contactez-nous\"}]},{\"@type\":\"WebSite\",\"@id\":\"https:\/\/opticologis.fr\/#website\",\"url\":\"https:\/\/opticologis.fr\/\",\"name\":\"OPTIC&#039; O LOGIS\",\"description\":\"Vos opticiens sp\u00e9cialis\u00e9s \u00e0 domicile\",\"publisher\":{\"@id\":\"https:\/\/opticologis.fr\/#organization\"},\"potentialAction\":[{\"@type\":\"SearchAction\",\"target\":{\"@type\":\"EntryPoint\",\"urlTemplate\":\"https:\/\/opticologis.fr\/?s={search_term_string}\"},\"query-input\":{\"@type\":\"PropertyValueSpecification\",\"valueRequired\":true,\"valueName\":\"search_term_string\"}}],\"inLanguage\":\"en-US\"},{\"@type\":\"Organization\",\"@id\":\"https:\/\/opticologis.fr\/#organization\",\"name\":\"OPTIC&#039; O LOGIS\",\"url\":\"https:\/\/opticologis.fr\/\",\"logo\":{\"@type\":\"ImageObject\",\"inLanguage\":\"en-US\",\"@id\":\"https:\/\/opticologis.fr\/#\/schema\/logo\/image\/\",\"url\":\"https:\/\/opticologis.fr\/wp-content\/uploads\/2024\/10\/cropped-fond-transparent-1.png\",\"contentUrl\":\"https:\/\/opticologis.fr\/wp-content\/uploads\/2024\/10\/cropped-fond-transparent-1.png\",\"width\":610,\"height\":490,\"caption\":\"OPTIC&#039; O LOGIS\"},\"image\":{\"@id\":\"https:\/\/opticologis.fr\/#\/schema\/logo\/image\/\"}}]}<\/script>\n<!-- \/ Yoast SEO plugin. -->","yoast_head_json":{"title":"Contactez-nous - OPTIC&#039; O LOGIS","robots":{"index":"index","follow":"follow","max-snippet":"max-snippet:-1","max-image-preview":"max-image-preview:large","max-video-preview":"max-video-preview:-1"},"canonical":"https:\/\/opticologis.fr\/index.php\/contactez-nous\/","og_locale":"en_US","og_type":"article","og_title":"Contactez-nous - OPTIC&#039; O LOGIS","og_description":"Contactez-nous Profitez de notre service d&#8217;opticiens \u00e0 domicile Vous avez besoin de renouveler vos lunettes, faire le point sur votre vue, une r\u00e9paration \u00e0 faire, ou tout simplement une demande d&#8217;informations&#8230; nous nous tenons \u00e0 votre disposition, contactez-nous ! Devis gratuit Tarifs attractifs jusqu&#8217;\u00e0 30% &#8211; cher qu&#8217;en magasin Bilan visuel gratuit Contr\u00f4le visuel, d\u00e9pistage, [&hellip;]","og_url":"https:\/\/opticologis.fr\/index.php\/contactez-nous\/","og_site_name":"OPTIC&#039; O LOGIS","article_modified_time":"2024-10-08T21:41:34+00:00","og_image":[{"width":1813,"height":2560,"url":"https:\/\/opticologis.fr\/wp-content\/uploads\/2024\/10\/aa-porte-3-scaled.jpg","type":"image\/jpeg"}],"twitter_card":"summary_large_image","schema":{"@context":"https:\/\/schema.org","@graph":[{"@type":"WebPage","@id":"https:\/\/opticologis.fr\/index.php\/contactez-nous\/","url":"https:\/\/opticologis.fr\/index.php\/contactez-nous\/","name":"Contactez-nous - OPTIC&#039; O LOGIS","isPartOf":{"@id":"https:\/\/opticologis.fr\/#website"},"primaryImageOfPage":{"@id":"https:\/\/opticologis.fr\/index.php\/contactez-nous\/#primaryimage"},"image":{"@id":"https:\/\/opticologis.fr\/index.php\/contactez-nous\/#primaryimage"},"thumbnailUrl":"http:\/\/opticologis.fr\/wp-content\/uploads\/2024\/10\/aa-porte-3-scaled.jpg","datePublished":"2024-10-03T22:57:18+00:00","dateModified":"2024-10-08T21:41:34+00:00","breadcrumb":{"@id":"https:\/\/opticologis.fr\/index.php\/contactez-nous\/#breadcrumb"},"inLanguage":"en-US","potentialAction":[{"@type":"ReadAction","target":["https:\/\/opticologis.fr\/index.php\/contactez-nous\/"]}]},{"@type":"ImageObject","inLanguage":"en-US","@id":"https:\/\/opticologis.fr\/index.php\/contactez-nous\/#primaryimage","url":"https:\/\/opticologis.fr\/wp-content\/uploads\/2024\/10\/aa-porte-3-scaled.jpg","contentUrl":"https:\/\/opticologis.fr\/wp-content\/uploads\/2024\/10\/aa-porte-3-scaled.jpg","width":1813,"height":2560,"caption":"opticologis Optic'O Logis opticiens \u00e0 domicile mobile haut-rhin territoire de belfort sundgau mulhouse vall\u00e9e de la thur doller route des vins guewiller altkirch dannemarie ferrette courtavon thann werentzhouse rouffach saint-louis soultz cernay seppois-le-bas sav controle de vue rdv \u00e0 domicile reparations basse vision lentilles de contact"},{"@type":"BreadcrumbList","@id":"https:\/\/opticologis.fr\/index.php\/contactez-nous\/#breadcrumb","itemListElement":[{"@type":"ListItem","position":1,"name":"Accueil","item":"https:\/\/opticologis.fr\/"},{"@type":"ListItem","position":2,"name":"Contactez-nous"}]},{"@type":"WebSite","@id":"https:\/\/opticologis.fr\/#website","url":"https:\/\/opticologis.fr\/","name":"OPTIC&#039; O LOGIS","description":"Vos opticiens sp\u00e9cialis\u00e9s \u00e0 domicile","publisher":{"@id":"https:\/\/opticologis.fr\/#organization"},"potentialAction":[{"@type":"SearchAction","target":{"@type":"EntryPoint","urlTemplate":"https:\/\/opticologis.fr\/?s={search_term_string}"},"query-input":{"@type":"PropertyValueSpecification","valueRequired":true,"valueName":"search_term_string"}}],"inLanguage":"en-US"},{"@type":"Organization","@id":"https:\/\/opticologis.fr\/#organization","name":"OPTIC&#039; O LOGIS","url":"https:\/\/opticologis.fr\/","logo":{"@type":"ImageObject","inLanguage":"en-US","@id":"https:\/\/opticologis.fr\/#\/schema\/logo\/image\/","url":"https:\/\/opticologis.fr\/wp-content\/uploads\/2024\/10\/cropped-fond-transparent-1.png","contentUrl":"https:\/\/opticologis.fr\/wp-content\/uploads\/2024\/10\/cropped-fond-transparent-1.png","width":610,"height":490,"caption":"OPTIC&#039; O LOGIS"},"image":{"@id":"https:\/\/opticologis.fr\/#\/schema\/logo\/image\/"}}]}},"_links":{"self":[{"href":"https:\/\/opticologis.fr\/index.php\/wp-json\/wp\/v2\/pages\/410","targetHints":{"allow":["GET"]}}],"collection":[{"href":"https:\/\/opticologis.fr\/index.php\/wp-json\/wp\/v2\/pages"}],"about":[{"href":"https:\/\/opticologis.fr\/index.php\/wp-json\/wp\/v2\/types\/page"}],"author":[{"embeddable":true,"href":"https:\/\/opticologis.fr\/index.php\/wp-json\/wp\/v2\/users\/2"}],"replies":[{"embeddable":true,"href":"https:\/\/opticologis.fr\/index.php\/wp-json\/wp\/v2\/comments?post=410"}],"version-history":[{"count":6,"href":"https:\/\/opticologis.fr\/index.php\/wp-json\/wp\/v2\/pages\/410\/revisions"}],"predecessor-version":[{"id":676,"href":"https:\/\/opticologis.fr\/index.php\/wp-json\/wp\/v2\/pages\/410\/revisions\/676"}],"wp:attachment":[{"href":"https:\/\/opticologis.fr\/index.php\/wp-json\/wp\/v2\/media?parent=410"}],"curies":[{"name":"wp","href":"https:\/\/api.w.org\/{rel}","templated":true}]}}